474/49 + 7/(-98)*(-4 + 0)?
37
Suppose -n - 26 + 19 = 0. Let q(i) = -2*i**3 - 12*i**2 + 5*i + 10. Let b be q(n). Let c = b + 11. What is the remainder when c is divided by 22?
18
Suppose -5*m + 3420 = 5*i, 4*m + 2129 = 2*i + 731. What is the remainder when i is divided by 334?
21
Let z(j) = -27*j + 2. Let b be z(-1). Let h(v) = -3*v + 175. Calculate the remainder when h(b) is divided by (-2 + 1)/(1/(-23)).
19
Let y(d) = 14*d**2 + d - 3. Let k be y(4). Suppose 0 = -2*r - x + k, -30*x + 27*x = 2*r - 231. What is the remainder when r is divided by 14?
13
Let y = -540 - -549. Suppose 33*z - 552 = y*z. What is the remainder when z is divided by 4?
3
Suppose 52*o + 8 = 56*o. Suppose 4*f = -o*y + 18, 2*f + 7*y = 5*y + 8. What is the remainder when 28 is divided by f?
3
Let u = -224 + 227. Suppose u*w + d - 31 = 0, 2*d = 42*w - 37*w - 70. What is the remainder when 20 is divided by w?
8
Let m(c) = c**2 - 6*c + 8. Suppose -3*w + 2*k + 7 = -24, -3*w = 4*k - 1. What is the remainder when m(w) is divided by ((-11)/(-2))/((-11817)/1616 - -8)?
7
Let c(n) = 7*n**2 + 5*n + 2. Suppose 228 = 12*r - 648. What is the remainder when r is divided by c(2)?
33
Let x(m) = -2*m**2 - 93*m - 109. What is the remainder when x(-45) is divided by 17?
9
Suppose 22*i = i + 525. What is the remainder when (117/6 + 2)/(5/20) is divided by i?
11
Let v be 836 - (0 + -3 - 1). Suppose -5*h = 3*h - v. What is the remainder when h is divided by 102?
3
Suppose 8*j - 750 = 5*j + 3*y, 2*j = 3*y + 503. Calculate the remainder when j is divided by 160.
87
Let v = -1378 - -1390. What is the remainder when 694 is divided by v?
10
Let m be ((-18)/4 - 0)*(-66)/99. Let o = -6 + 8. Suppose -102 + 3 = -o*g + 5*r, -52 = -g + m*r. Calculate the remainder when g is divided by 20.
17
Let y be ((-9)/(-6) + 0)*2. Let f(b) = 7*b + 4. Let t = 11469 - 11458. What is the remainder when f(y) is divided by t?
3
Let t(n) = -2*n**2 + 19*n - 2. Let j be t(9). Suppose 0 = -3*u - 4*u + j. What is the remainder when 9/(-18) - (542/(-4))/u is divided by 23?
20
Suppose 5*p = 5*n + 16295, -4*p = 74*n - 76*n - 13018. What is the remainder when p is divided by 27?
10
Suppose 3*k - 34*o - 2389 = -33*o, 0 = -4*k + 3*o + 3187. What is the remainder when k is divided by 160?
156
Let o = 9408 - 9390. What is the remainder when 15604 is divided by o?
16
Let v(c) = 3*c**2 - 22*c + 64. Let s be v(6). Suppose 9*j + 3*o + s = 13*j, -3*j = -2*o - 30. Calculate the remainder when j is divided by 4.
2
Suppose -2*v - v + 5*l + 388 = 0, 397 = 3*v + 4*l. What is the remainder when v is divided by (-896 - -16)/(-20) + 2/1?
39
Let w = -24645 - -25019. Calculate the remainder when 375 is divided by w.
1
Let q(y) = 4*y + 5 - 11 + 5 + 4*y. What is the remainder when 72 is divided by q(3)?
3
Let d(y) = 6*y - 170. Let o be d(26). What is the remainder when (1400/(-245))/((-10)/o + -1) is divided by 17?
3
Let h be (-4071)/(-21) + (-27)/(-189). Suppose -198*f + 396 = -h*f. Calculate the remainder when f is divided by 52.
47
Calculate the remainder when 4029 is divided by 4/6*19 + (-1)/6*4.
9
Let h = -5767 + 5786. Suppose 3*s + s = -5*m - 223, -4*s - 263 = -3*m. Let j = 13 - s. What is the remainder when j is divided by h?
18
Let t(q) = -15*q - 122. Let z be t(-8). What is the remainder when (12/10)/((18/(-45))/z) is divided by (-2)/(-2) - (1 + -1)?
0
Let j(c) = -c**2 - 6*c + 601. What is the remainder when 881 is divided by j(21)?
31
Let n(q) = q**3 - 49*q**2 + 180*q + 36. Calculate the remainder when 1510 is divided by n(45).
34
Suppose 4*o = 473 - 69. Suppose 0 = -7*c + 70 + 14. Let u(l) = -l**3 + 12*l**2 + 26. Calculate the remainder when o is divided by u(c).
23
Suppose -4*k = -5*h - 8, -h - 3*h + 4 = 2*k. Calculate the remainder when k/(-18) - 3172/(-36) is divided by 24.
16
Suppose -796 = 4*n - 1268. Calculate the remainder when n is divided by 2/(-3) - (-148)/6.
22
Let r(o) = 4*o + 30. Let k be r(-7). Let x be (-11892)/66 + k/11. Let a = x - -278. What is the remainder when a is divided by 20?
18
Suppose 0 = 5*g + 1444 - 4644. Suppose 19*o - 310 - g = 0. What is the remainder when 55 is divided by o?
5
Let k = 9397 + -8491. Calculate the remainder when k is divided by 10.
6
Suppose 0 = 4*v - 3*b - 412, 82 + 31 = v - 2*b. Calculate the remainder when 12511 is divided by v.
95
Let j(s) = -3*s. Let b be j(2). Let q = -7 - 9. Calculate the remainder when 11/((-33)/b) - (q + -1) is divided by 7.
5
Let p(a) = -a**3 + 4*a**2 + 6*a + 110. What is the remainder when 178 is divided by p(7)?
3
Suppose -76*k = -54 + 7 - 257. Suppose -5*d + 6*d = 46. Calculate the remainder when d is divided by k.
2
Suppose -13 - 6 = -o. Suppose -8*n = -7*n - 12. Calculate the remainder when (-1)/3 - (-664)/n is divided by o.
17
Let h = 137 - 80. Let d be (-350)/28*4/(-10). Suppose -2*f - 6 = 0, 5*n - 30 = 4*n + d*f. Calculate the remainder when h is divided by n.
12
Let f(n) = -22*n**2 - 411*n + 1076. What is the remainder when 0/(-1) + -1 + 23 is divided by f(-21)?
2
Let x(k) = -k**2 - 9*k - 26. Let s be x(-8). Let m be 1508/18 - 4/s. Suppose 2*h - m = -2*h. Calculate the remainder when h is divided by 7.
0
Suppose -367*k = -356*k - 616. What is the remainder when 380*(12/8 + -1) is divided by k?
22
Suppose 0 = -2*l + x + 2501, -2*x - 5550 = -3*l - 1797. Calculate the remainder when l is divided by 33.
28
Suppose 5*l = 7 + 38. Let y = 40 + 16. Suppose -50*w = -y*w + 252. What is the remainder when w is divided by l?
6
Let i(k) = 2*k**3 - 131*k**2 - 75*k + 607. Let l(f) = -7*f - 1. What is the remainder when l(-3) is divided by i(66)?
7
Let u(j) = -8*j**3 - 3*j**2 - 4*j + 3. Let d be u(4). Let s = d - -610. Calculate the remainder when 53 is divided by s.
16
Suppose 119*n - 459 = 122*n. Calculate the remainder when 20 is divided by (-4)/(-10) + (9 - n/(-45)).
2
Suppose 0 = -11*u + 5*u - 1878. Let j = u - -353. Calculate the remainder when j is divided by 25.
15
Let q(x) = -x**2 + 21*x + 5. Let i(b) = -b**2 - 7*b + 9. Let y be i(-5). Let c(t) = -2*t + 32. What is the remainder when q(y) is divided by c(10)?
7
Suppose 24*b + 3344 = 35*b. Let v = 344 - b. What is the remainder when v is divided by ((-11)/(-3))/((-2)/(-6))?
7
Let x(f) = 2*f**3 - 174*f**2 - 184*f + 1575. What is the remainder when x(88) is divided by 35?
31
Let u be ((-1)/(1/2) - -3)*13. Calculate the remainder when 1/2 + (u - 243/(-6)) is divided by 10.
4
What is the remainder when 97 is divided by 2/(0 + (-4)/(-28))?
13
Suppose -t = 4*f - 2*t - 2127, 1059 = 2*f - 5*t. What is the remainder when f is divided by 113?
80
Let n(g) be the first derivative of g**4/4 + 5*g**3 - 15*g**2/2 + 22*g + 20. Calculate the remainder when 45 is divided by n(-16).
3
Suppose 0 = -5*v - c - 7 + 29, -3*v - 2*c = -16. Suppose 0 = 2*y + v. What is the remainder when 20*(y - -3) - -2 is divided by 14?
8
Calculate the remainder when 3301 is divided by (-10317)/(-133) + -19 - 3/(-7).
56
Suppose 4*d = 16*d - 324. Suppose 751 + 140 = d*p. What is the remainder when 179 is divided by p?
14
Suppose 939 = 6*q - 1437. Suppose 0 = -403*d + q*d + 420. Calculate the remainder when 193 is divided by d.
13
Suppose 135 + 129 = 4*m - 5*a, 5*m - 2*a - 313 = 0. Let c(j) = 4*j + 107. Let o be c(-6). Let n = o + -52. Calculate the remainder when m is divided by n.
30
Suppose q = -1 - 2, 5*a - 37 = 4*q. Suppose -10 = 2*d, -2*d = -a*l + 337 + 298. What is the remainder when l is divided by 43?
39
Let h = 10208 + -8792. Calculate the remainder when h is divided by 109.
108
Suppose -11*a - 1372 + 9966 = -9897. Calculate the remainder when a is divided by 29.
28
Let d be (400 + 2)*(5/(-2))/5. Let w = d - -250. Calculate the remainder when w is divided by 33.
16
Let r = 173 - 138. Let w = -3 - -12. What is the remainder when r is divided by w?
8
Suppose 0 = 56*r - 58*r + 2*u + 168, 0 = -2*r + 3*u + 166. What is the remainder when 167 is divided by r?
81
Suppose 5*y - 7*y = -14. Let h = -139 + 232. What is the remainder when h is divided by (-1150)/(-70) - 3/y?
13
Suppose 0 = -32*d + 318 + 290. Calculate the remainder when d is divided by 14.
5
Suppose -3*u + 2979 = -3*d, -83*d + 78*d = -20. Calculate the remainder when u is divided by 111.
109
Let w be (-19138)/33 - (-6)/(-99). Let c = -529 - w. What is the remainder when c is divided by 7?
2
C